ue
Suppose 22*d - 160497 = 2545. Is d composite?
False
Suppose -425144 = -5*j + 59321. Is j prime?
True
Suppose 2*z - 3*z = 4*v + 142, 0 = v + 3*z + 30. Is 3*(-2428)/v - (-4)/6 prime?
False
Let v(a) = a - 6. Let w be v(8). Let t be w/6 + (-51)/(-9). Let y(l) = 7*l - 4. Is y(t) prime?
False
Let f(l) = -2463*l**3 - l**2 + l + 2. Let m = -18 - -17. Is f(m) a composite number?
True
Suppose -5*q + 324 = 2*w, -4*w + 54 = 5*q - 4*q. Let j = q - 154. Let g = j + 146. Is g composite?
True
Let a(f) = -72*f**3 - 5*f**2 - 6*f - 11. Is a(-4) a prime number?
False
Let y = -7878 + 12563. Is y composite?
True
Let z = 139 + -79. Let x = -511 + z. Let g = -250 - x. Is g prime?
False
Let s(d) = 7*d + 1. Let a be s(-1). Is -5 - a - (-564)/1 prime?
False
Suppose 4*d + 3*f + 30 = 0, -2*d + 4*f - 36 + 10 = 0. Suppose y - 5 + 29 = 0. Is y/d*1338/8 a prime number?
False
Suppose 0 = 6*w - 21013 - 7313. Is w composite?
False
Let w = 4952 - 3051. Is w prime?
True
Suppose 3*j - 5*w = -38915, j + 4*w = 6*w - 12973. Let u = j - -18226. Is u prime?
True
Suppose 4*u - 2 = 3*u. Suppose -u*m + 766 + 679 = i, 0 = -m - 3*i + 720. Is m prime?
False
Let t(m) = 9*m**2 + 27*m + 89. Let z be t(-8). Suppose -2*k = 2*c - 4, 6 + 9 = -3*k. Suppose 8*r = c*r + z. Is r a prime number?
True
Suppose 4*r - 83 = -71. Suppose l + 2*a = 879, 6*a - r*a - 875 = -l. Is l prime?
True
Is 141140/15*(-21)/(-28) prime?
True
Suppose -4*q + 12 + 8 = 0. Suppose -6804 = 518*v - 524*v. Suppose -2*g + m = -5*g + v, m - 1892 = -q*g. Is g prime?
True
Let d be 52/(-2 + (0 - -4)). Suppose 100 = i - d. Let f = -39 + i. Is f prime?
False
Let b = -15 - -19. Let f be 16/(-8)*2/b. Is f/2*778*-1 a composite number?
False
Let v(w) = 4*w**3 - 9*w**2 + 13*w + 9. Let i(q) = 3*q**3 - 10*q**2 + 12*q + 10. Let b(r) = 3*i(r) - 2*v(r). Let s be b(11). Is (4 - s)/(15/290) prime?
False
Suppose 0 = 4*p + u - 11, 5*u + 27 - 10 = -2*p. Suppose p*c - 5*c = -158. Is c prime?
False
Let z(n) = -4*n - 21. Let d be z(-6). Suppose -2495 = -5*t - 5*o, t + 3*t = d*o + 1982. Is t a composite number?
True
Let c(g) = -g**3 - 10*g**2 - 16. Let h be c(-13). Let j = h + -342. Is j a prime number?
True
Let z = -31427 + 61756. Is z prime?
False
Suppose g - 2*o = 16, -28 = -3*g - g - o. Let b be g/28 - (-46824)/21. Is 18/(-6)*b/(-6) composite?
True
Let z = 392 + -215. Suppose 2*h - 362 = 2*f, h + 0*h - 3*f = z. Is h a prime number?
False
Suppose 3*b + 22 = -62. Let z = b + 177. Is z a prime number?
True
Suppose 3*l - 12 = 12. Suppose -3*p + 4*k + 115 = 0, p - l = -k + 28. Is p a composite number?
False
Let l(v) = 199*v + 54. Is l(5) a prime number?
True
Is 1/(3 - 27700/9235) a composite number?
False
Suppose -2*j = -5503 - 9739. Is j composite?
False
Let w = -66 + 74. Let i(z) = 19*z**2 + 11*z - 45. Is i(w) prime?
True
Let c(u) = 41*u**2 - 1. Let l be 0 + -1 + (-25)/25. Is c(l) prime?
True
Suppose 0 = 18*a + 9085 + 7493. Let g = a + 1562. Is g prime?
True
Suppose 536*i - 538*i = -12494. Is i prime?
True
Let l(w) = -w**3 + w**2 + w + 2. Let a be l(0). Suppose -60 = 2*q + 4*r - 714, a*q - 4*r - 670 = 0. Is q a composite number?
False
Suppose r = -0*r + f + 358, 2*f = -2*r + 732. Is r a composite number?
True
Let c = 36 - -30. Let i be 11/c + 2209/(-6). Let s = -207 - i. Is s composite?
True
Suppose 0*z + 13876 = 2*y + 2*z, 34684 = 5*y - z. Is y prime?
False
Suppose 4*u = 6*u - 6. Suppose u*w - w - 2302 = 0. Is w composite?
False
Suppose 65*u = 68*u - 7056. Suppose 2*x + u = 8606. Is x a prime number?
False
Let r = 4969 - -6628. Is r a prime number?
True
Suppose 5*i = 2*i + 45894. Is i a prime number?
False
Suppose 0 = -2*a + 2591 + 2013. Is a composite?
True
Suppose 5*z + 4184 = -2*m + 10638, m = -3*z + 3225. Let w = m + -1562. Suppose -2*l - w = -7*l. Is l a prime number?
False
Let g(v) = 4*v**2 - 33*v - 22. Let r(d) = 16*d - 11. Let k be r(2). Is g(k) prime?
True
Let h(b) = 4*b**2 - 12*b - 4. Let c be h(4). Suppose 0*r + 1164 = c*r. Is r a composite number?
False
Let h(k) = -43*k + 17*k - 4 + 13*k. Suppose -4*r = 5*x + 27, 0 = -4*r + 2*x - x - 9. Is h(r) a prime number?
False
Suppose -8 = 2*t, -3*f - 14 = -2*f + t. Let o(l) = -172*l + 13. Is o(f) a prime number?
True
Suppose -4*s + 3 = -1. Let n be s/3 - 30/9. Let b = 16 + n. Is b composite?
False
Suppose 4*x - 23528 = -4*i, 0 = -3*i + x + 6400 + 11234. Is i prime?
True
Let n = 106 - 191. Let r be n/(-10) - (-2)/(-4). Suppose 0 = -5*z + r*z - 1143. Is z a prime number?
False
Let g be ((-314)/(-6))/(((-7)/126)/(-1)). Let a = 101 + g. Is a a composite number?
True
Suppose -2*x + n = -29240, 5*n = 3*x + 3*n - 43859. Is x a composite number?
False
Suppose -4*a + 9692 = 4*c, -2*a + 2906 = -4*c - 1922. Let z = a - 1509. Is z a composite number?
False
Is 1345461/26 + 6/12 a prime number?
True
Let q be (3/3)/(2/12). Suppose 4*m + z - 17 = -q, -3*m - 3*z + 6 = 0. Suppose -191 = m*c - 4*c. Is c a composite number?
False
Suppose 14*v - 12 = 11*v. Suppose -v*r - 3*h = -27 + 6, -3*h = -9. Is 21 + 4/(12/r) a composite number?
True
Let l = 344 + -1004. Let y = -395 - l. Is y composite?
True
Suppose 2*a - a + 13 = 0. Let i(r) = 2356 - 12*r**2 - 5*r - 2344 + 15*r - r**3. Is i(a) a composite number?
True
Let p be (21/(-6))/((-2)/4). Suppose -p*o = -12*o + 170. Is o a prime number?
False
Let d = -763 + 429. Let b = 557 + d. Is b a composite number?
False
Suppose -4*u + 4*w + 1116 = 0, -u + 4*u = -5*w + 821. Suppose -55 = -4*l + 3*k + u, -83 = -l + 3*k. Is l a prime number?
True
Let s = 5259 - 3110. Suppose 0 = -2*k + k + s. Is k a prime number?
False
Let b(f) = -188*f - 22. Let w be b(-7). Let r = 2985 - w. Is r composite?
True
Suppose 16575 = 3*a - 18729. Suppose -14*h = -6*h - a. Is h composite?
False
Let c = 26676 - 18505. Is c a prime number?
True
Suppose 0 = 4*h + 96483 - 285887. Is h composite?
False
Let f(h) be the first derivative of -4*h**2 - 3*h - 2. Let i be f(-1). Suppose -i*o + 2*o + 2865 = 0. Is o prime?
False
Let p(k) be the second derivative of k**4/12 + k**3/6 + 5*k**2/2 + 2*k. Let j be p(-4). Let c = j + -3. Is c a prime number?
False
Let q(r) = -33*r - 16. Let l(w) = -7*w**2 + 18*w - 2. Let k(g) = 3*g**2 - 9*g + 1. Let d(u) = 5*k(u) + 2*l(u). Let m be d(8). Is q(m) composite?
True
Let l(m) = 17*m**2 + 2. Suppose 5*y - 50 = -3*q, -y + 2 + 36 = -5*q. Let r(u) = -35*u**2 + u - 4. Let g(v) = y*l(v) + 6*r(v). Is g(5) a prime number?
True
Suppose -3*y - 3*y + 17382 = 0. Is y composite?
False
Suppose -18 = 3*p + 3*j, 4*p + 0 + 36 = 2*j. Let s(n) = -113*n + 1. Is s(p) a composite number?
True
Suppose 3 = -k + 3*y - 0, -3*y + 18 = 4*k. Let r(x) = -3*x - 2*x + 3*x + k*x - 3. Is r(6) prime?
True
Suppose -5*t + 9*t = -2*j - 24, 5*j = 2*t + 12. Is t/10 + 20872/20 a prime number?
False
Let x = 19 + -4. Suppose 0 = -6*n + x*n - 2493. Is n a composite number?
False
Suppose -5*n + 146 = -14404. Let x = -2071 + n. Is x prime?
True
Let d be (-2)/(-8) - (-238)/8. Is ((-254)/6)/((-10)/d) composite?
False
Let a be -1 - -194 - 14/(-7). Let f = 358 - a. Is f - (-4)/(-2)*1 a composite number?
True
Let p = 17228 - 6985. Is p a composite number?
False
Let x = 22 - 28. Let f be ((-12)/(-2))/(x/(-4)). Suppose -226 = -f*b + 618. Is b composite?
False
Let g(f) = -f + 11. Let r be g(10). Let k be -3 - (-1)/r*3. Suppose 0 = -3*d - k*d + 291. Is d a prime number?
True
Suppose 2*p + 217 = -409. Let u = -102 - p. Is u a prime number?
True
Let b be (-48)/9 + 1/((-9)/6). Let r(s) = -3*s**3 - 7*s**2 + 3*s + 1. Is r(b) a prime number?
True
Let b(z) = -260*z + 3. Let m be b(3). Let h(w) = -484*w**2. Let l be h(1). Let a = l - m. Is a a composite number?
False
Let u = 81 + -80. Let c(h) = 42*h - 4. Let g(f) = 1. Let l(j) = 2*c(j) + 6*g(j). Is l(u) prime?
False
Let u = 72 + -78. Is 22/(-66) + (-19580)/u a prime number?
False
Let k = 4871 - 2239. Suppose 4*q - 3*h = k + 70, -q + 5*h + 667 = 0. Let s = -430 + q. Is s composite?
True
Suppose 3*g = -295 + 736. Let c = -15 - -27. Let j = g + c. Is j a composite number?
True
Suppose 24*q - 23*q - 4 = 0. Suppose -2*h = -q*s - 6422, 0*s - 16019 = -5*h - 2*s. Is h composite?
True
Let b(c) = c**2 + 11*c + 11. Let t be b(-11). Suppose 4*w + t = -w - l, -2*w = 5*l + 9. Is 51/2 + w/(-4) a prime number?
False
Let y(p) = -131*p - 13. Suppose 14 = -5*b - 2*b. Is y(b) composite?
True
Suppose -t = 5*g - 12